 0 = -112*o + 2486221 + 1899699. List the prime factors of o.
2, 5, 11, 89
Let s = 41213 + -14885. List the prime factors of s.
2, 3, 1097
Let y = 118 + -97. Suppose j - 4851 = -5*f, -5*f + y*j - 24*j = -4843. What are the prime factors of f?
971
Suppose -32*s + 164*s = 131472. List the prime factors of s.
2, 3, 83
Let j(h) = -3*h - 27. Let n be j(-11). Let b be (-262)/n - (-2)/3. Let y = 82 + b. What are the prime factors of y?
3, 13
Let f be 1 + 0/(-1) + -1. Let l(x) = x**3 - 4*x + 205. What are the prime factors of l(f)?
5, 41
Suppose 32*z - 34*z = -54. Suppose z + 37 = 8*a. List the prime factors of (-2 + a*11 - 3) + -4.
79
Let y be -4 + (-8135)/5*-3. Suppose -19*d + 4699 = -y. List the prime factors of d.
2, 3, 7
Suppose -5*i + h - 5*h = -1187, 0 = -4*i - 2*h + 946. Let r = 510 - i. Let q = -89 + r. What are the prime factors of q?
2, 3, 31
Suppose l + 27636 = 3*i + 2*i, 3*i = -2*l + 16566. What are the prime factors of i?
2, 3, 307
Let d be (7/(-2))/((-3)/6). Suppose -5*x - 720 = -d*x. Suppose 3*b = -b - 4*r + x, 0 = -5*b - 4*r + 445. List the prime factors of b.
5, 17
Suppose 149*a - 42873 + 33653 = 69452. List the prime factors of a.
2, 3, 11
Let a(n) = 2*n**3 - 60*n**2 + 11. Let c be a(30). Suppose c*q + 1213 = 12*q. List the prime factors of q.
1213
What are the prime factors of (-2888)/(-1083)*113622/8?
2, 29, 653
Let p(b) = -b**2 + 407*b + 253. List the prime factors of p(68).
5, 59, 79
Let j = -2083 + 2553. List the prime factors of j.
2, 5, 47
Let s(d) be the third derivative of d**5/30 + d**4/4 - d**3 + 4*d**2. Suppose 5*b = -4*b - 54. List the prime factors of s(b).
2, 3, 5
List the prime factors of (-3398)/(-3) - 44/66.
2, 283
Let h = 666 + -673. List the prime factors of (-154296)/(-108) + h/(-3).
3, 53
Let h(b) = -13*b + 3. Let z be h(0). Suppose -n - 368 = -4*j, -j + 2*n + 92 = z*n. List the prime factors of j.
2, 23
Let z be -16 + (-1)/(3/(-15)). Let u(s) = -9*s + 21. List the prime factors of u(z).
2, 3, 5
Suppose -49*q = 7*q - 79*q + 60122. What are the prime factors of q?
2, 1307
Suppose -3*f = -5*h + 51457, h - 5875 = -f + 4418. What are the prime factors of h?
2, 31, 83
Let a = 53 + -65. Let w = a + 4. Let v(x) = -19*x - 9. List the prime factors of v(w).
11, 13
Let o(i) = -i**3 + 21*i**2 - 11*i + 35. Let s be o(20). Suppose -6*j + s = -1609. List the prime factors of j.
2, 19
Let j(x) = -3*x**3 + 3*x**2 - 36*x - 209. What are the prime factors of j(-8)?
13, 139
Suppose 1569 + 3399 = 12*g. Suppose -1220 + g = -13*o. List the prime factors of o.
2, 31
Suppose 0 = -t - 2*t + 5*m + 1887, -5*t = m - 3145. Let d = t + -972. Let x = d - -492. List the prime factors of x.
149
Suppose -o + 4 = 3*r, 4*r - r = 0. Suppose o*k = -2*w + 16, 0 = -k + 3*k - 3*w + 8. Let t(v) = 17*v**2 + 6*v - 7. What are the prime factors of t(k)?
73
Let p = 202 - 129. Let f = p + -71. Suppose -91 = -f*i + 5*q, 2*q = 5*i - 2*q - 202. What are the prime factors of i?
2, 19
Let b(o) = o**2 + 9*o - 12. Let r be b(7). Let l = -27 + r. Suppose -k + 87 = -l. List the prime factors of k.
2, 5
Suppose -5*q + 570 = -0*q - 5*j, -3*q = 2*j - 362. Suppose -143*y + 72 = -145*y - 4*o, -3*o = -15. Let w = q + y. What are the prime factors of w?
2, 3
Let r(o) = 2*o**2 - 27*o + 27. Let m be r(1). Suppose 0 = -n + 3*n. Suppose -m*b + 114 + 26 = n. What are the prime factors of b?
2, 5, 7
Suppose -5*x + 20 = 0, -2*d = -3*d + 2*x + 59. Suppose -m + 0*n = -5*n - 129, -m - 5*n + 99 = 0. Let r = m - d. List the prime factors of r.
47
Let x = 355 - 211. Suppose 12*b = x + 5280. What are the prime factors of b?
2, 113
Let x = -2688 + 3386. What are the prime factors of x?
2, 349
Let j(d) = -d**3 - 12*d**2 - 27*d + 11. Let z be j(-9). Suppose -8*h - 675 = -z*h + 3*f, -3*h + f = -673. List the prime factors of h.
2, 7
Suppose -7039 = -3*c - 2320. Let q = c - 847. List the prime factors of q.
2, 3, 11
Suppose -4*s = p - 0*p + 14, p + 9 = -3*s. Suppose 5*g - p*g = -m - 67, 2*g - 131 = 5*m. Suppose t - 14 = g. What are the prime factors of t?
2, 41
Suppose 350 = -3*o + 8*o - 2*j, 0 = -o - 5*j + 70. Let g(h) = -2*h**2 + 40*h + 46. Let v be g(21). Suppose v*z - o = 62. List the prime factors of z.
3, 11
Suppose 4*t = l - 85, 5*t = -3*l + 3*t + 297. Let a(n) = -n + 12. Let c be a(10). Suppose -c*v + l = 55. List the prime factors of v.
3, 7
List the prime factors of (-1*1)/(245/(-4806410)).
2, 17, 577
Suppose -45*y - 208 = -49*y. Let c be (-1 - -2)*(3 + 1). Suppose 0 = 2*m - m + 5*j - y, 3*j + 300 = c*m. What are the prime factors of m?
2, 3
Let a(l) = 6*l - 18. Let b be a(7). Suppose 35*m = b*m + 3201. List the prime factors of m.
3, 97
Suppose 30*r - 936 = -9*r. List the prime factors of (r/(-10))/(3*(-14)/28665).
2, 3, 7, 13
Let t be 3*5 + (-4 - (4 - 6)). Let x(l) = l + 4. Let z(m) = 5*m + 16. Let r(u) = -22*x(u) + 6*z(u). List the prime factors of r(t).
2, 7
Let c be ((-564)/(-16))/((-3)/(-36)). Suppose -q - 2*o = -c, -3*o - 8 = o. List the prime factors of q.
7, 61
Let a be (16/(-32))/((-1)/2*-1). Let g be 7 + 4 - (a + -1 + 1). Suppose -14*w = -g*w - 66. List the prime factors of w.
3, 11
List the prime factors of -276*(-590)/90*6.
2, 23, 59
Let d(l) = -49*l**3 + l**2 + 3*l. Let k be d(-3). Let u be (k/36)/(7/(-4) - -2). Suppose 4*z + u = 7*z. List the prime factors of z.
7
Let h(g) = -g**2 + 3*g + 606. Suppose -s - 5*s = -s. What are the prime factors of h(s)?
2, 3, 101
Suppose -r = -18 + 16. Suppose -222 = -r*n + 174. List the prime factors of n.
2, 3, 11
Let s = -33 + 216. Suppose -179*o = -s*o + 732. What are the prime factors of o?
3, 61
Let l = 623 - 437. Suppose 5*w - 6*w + l = 0. Suppose -4*u = -4*y - 132 - 244, 2*u - w = y. What are the prime factors of u?
2, 23
Suppose 4*y = 2*y - 384. Let g = -1132 - -763. Let z = y - g. List the prime factors of z.
3, 59
Let k(m) = -m**3 - 14*m**2 + 14*m + 51. Suppose 0 = -2*h - 12 - 20. What are the prime factors of k(h)?
3, 113
Let c = -55 + 52. Let n be (-25)/(-10)*c/(30/8). List the prime factors of -4*89/n + 3.
181
Suppose 4*y - 5*k - 15044 = 125795, -5*y + 176060 = 5*k. What are the prime factors of y?
3, 11, 97
Let s(l) = 2*l + 22. Let o be s(-5). Let k = o + -7. Suppose -k*r + 374 = -326. List the prime factors of r.
2, 5, 7
Let i = -424 - -867. Let d = i - 88. What are the prime factors of d?
5, 71
Suppose 0 = -4*t - 2*t - 60. What are the prime factors of (-420)/126*19/t*18?
2, 3, 19
Suppose -5*q = -3*x - 63, 0 = -3*q + 2*q - 5*x + 35. Let m(n) = -4*n + 2*n**2 + 9 - 32*n + 8*n. List the prime factors of m(q).
3, 13
Let s(t) = -t**2 - 4*t. Let y be s(-3). Let a(i) = 94*i + 34. What are the prime factors of a(y)?
2, 79
List the prime factors of 480/45*(-15222)/(-8).
2, 43, 59
Let z(a) = -a**3 - 16*a**2 + 2*a + 22. Let r be z(-16). Let i be 66/15 - 4 - 76/r. Suppose l + 434 = i*l. List the prime factors of l.
2, 31
Let a be 4*1*15/(-20)*138. Let v = -267 - a. What are the prime factors of v?
3, 7
Let f = 39987 - 12468. What are the prime factors of f?
3, 9173
Let t = -181 - -181. Suppose t = 2*m - 1690 + 508. List the prime factors of m.
3, 197
Suppose -7*r - 171137 - 336335 = -119*r. List the prime factors of r.
23, 197
Suppose f = -4, 3*t + 1176*f = 1179*f + 11361. What are the prime factors of t?
3, 13, 97
Let b(g) = g**2 - 6. Let z = -73 - -77. Let t be b(z). Let j = 159 + t. What are the prime factors of j?
13
Let y(x) be the first derivative of 337*x**3/3 - 13*x**2/2 - 14*x + 20. What are the prime factors of y(-1)?
2, 3, 7
Let h(n) = n**3 + 26*n**2 - 29*n - 54. Let r be h(-12). Let f = -1372 + r. List the prime factors of f.
2, 7, 67
Let j(m) = -42*m + 7. Let y be j(1). Let g = y - -53. List the prime factors of ((-24)/g)/(2/6)*-7.
2, 7
Suppose 2*z = 3*t - 6*t, -4*z - t = 0. Suppose b - 4*g - 1 = z, -g + 5*g + 8 = 0. Let p(u) = -u**3 - 6*u**2 - 6*u + 17. List the prime factors of p(b).
2, 3
Suppose 0 = -12*y - 8*y - 280. Let n(v) = -61*v - 165. What are the prime factors of n(y)?
13, 53
Suppose 5*q = -c + q + 55, -4*c - 3*q = -155. Suppose 6*s + s = c. Suppose -s*z - 23 = -103. What are the prime factors of z?
2
Let b = 2656 - 1451. Suppose 0 = 8*d + 125 - b. Suppose s - 4*t + 2*t = d, 261 = 2*s - t. What are the prime factors of s?
3, 43
Let d = 143 + -141. Let u(i) = 169*i**2 + 16*i - 30. What are the prime fac